(9). Let q(d) = -2*d + 4 + d + 5*d. Let z be q(x). What is the highest common factor of z and 84?
12
Let c = -25 - -52. Suppose 0 = -2*k + p - 3, 9 = -4*k - 5*p + 38. Let f be k*-2*9/(-6). What is the highest common divisor of c and f?
3
Let j = -209 + 93. Let u = 131 + j. What is the highest common factor of 9 and u?
3
Suppose 0 = -3*i - 2*i + b + 445, -2*i + 160 = -4*b. Let o = -358 - -376. What is the greatest common factor of i and o?
18
Let b be 10 + -14 + 3 + 1. Suppose b = -3*n + 7*n - 48. Let k be (-47)/(-4) - 1/(-4). Calculate the highest common factor of k and n.
12
Let q be (-5 + 3 + -22)/(12/(-40)). What is the greatest common factor of 40 and q?
40
Suppose 2*g = -3*g - 165. Let t be (-2337)/g + (-4)/(-22). Let d = t - 16. What is the greatest common divisor of 22 and d?
11
Suppose 2*u = w - 6, 0 = 3*w - 3*u - 12 - 0. Calculate the highest common factor of 32 and w.
2
Let k = 1 - -2. Let o be 12 - ((0 + -15)/5)/1. Calculate the greatest common divisor of k and o.
3
Let u(v) = v**2 - 5*v + 2. Let y be u(5). Suppose 2*s = s + r + 6, -3*s + y*r = -23. Calculate the greatest common divisor of 11 and s.
11
Let k(r) = -2*r**3 - 11*r**2 - 10*r + 9. Let w be k(-6). What is the greatest common divisor of 42 and w?
21
Let n be 155/1 - (-2 + 5) - -1. What is the greatest common factor of 9 and n?
9
Let g(u) = 3*u + 1. Let t be g(1). Suppose -59 - 42 = -t*o + 3*i, 0 = 5*o + 2*i - 132. What is the highest common factor of 286 and o?
26
Let v = 35 + -21. Let r be (-306)/119 + (-3)/7 - -17. What is the highest common divisor of r and v?
14
Suppose 0 = 4*v + i - 961, 2*i + 876 = 3*v + 158. Let h be (2040/90 - 20)/((-2)/(-36)). Calculate the highest common factor of h and v.
48
Let y(n) = -n + 2 - 12 - 4*n + 3*n**2. Let q be y(-3). Calculate the highest common factor of q and 32.
32
Suppose 4*q - 2*a - 35 = q, -15 = -q + 4*a. Suppose q*m = 1272 + 1720. What is the highest common factor of 34 and m?
34
Let q(f) = f**3 + 13*f**2 + 12*f + 13. Let g be q(-12). Let x = 145 + -41. Calculate the greatest common factor of g and x.
13
Let d = 1199 - 251. What is the highest common divisor of 12 and d?
12
Suppose 5*x = -8 + 33. Suppose 0 = -3*n + 5*j - 1, x*j = -4*n - 17 + 74. Calculate the greatest common divisor of 64 and n.
8
Let f(d) = d**3 + 14*d**2 + 10*d - 11. Let l be f(-11). What is the highest common divisor of l and 22?
22
Let s(j) = -9*j - 1. Let w be s(-5). Let t = 97 + 13. Calculate the highest common divisor of t and w.
22
Suppose 20*k = 14*k + 78. Suppose 0 = -5*v + 10, -4*r + v = -2*v + 2. Suppose 2*a - 25 = r. Calculate the highest common divisor of k and a.
13
Let a be -7 - (-315)/49 - 2360/(-14). Calculate the greatest common divisor of 16 and a.
8
Suppose -4*r + 20 = 5*b - 96, 5*r + 180 = 10*b. Let c = 16 - -4. Calculate the highest common divisor of b and c.
20
Let a be 3/((-24)/(-842)) + 5/(-4). What is the greatest common divisor of a and 24?
8
Suppose -2*c + 13 = -31. Let p(b) = -5*b**3 + 2*b + 1. Let v be p(-1). Suppose 0 = z - 29 - v. What is the highest common divisor of c and z?
11
Suppose -665 = 4*q - 1977. Calculate the greatest common factor of q and 123.
41
Suppose -60 = -m - 4*b, 2*b + 60 = 3*m - 2*m. What is the greatest common divisor of m and 48?
12
Let g(y) = -33*y**3 - y**2 + 2*y + 1. Let l be g(-1). Let b = l + -23. Calculate the greatest common divisor of 2 and b.
2
Suppose 12 = 4*t + 4*x, 0 = 4*t + 11*x - 14*x - 19. Calculate the highest common factor of t and 26.
2
Let p(a) = -a**3 - 3 - a**2 + 4*a - a**2 + 5*a**2. Let x be p(3). Let n = 5344 - 5272. Calculate the highest common divisor of x and n.
9
Suppose 0 = -0*v - 4*v. Let u = 1 - v. Let c(f) = 9*f - 2. Let p be c(u). Calculate the greatest common factor of 7 and p.
7
Let s(x) = x**3 + 25*x**2 - 11*x + 50. Let v be s(-25). What is the greatest common factor of 13 and v?
13
Let a(d) = 2*d**2 + 6*d + 7. Let q(z) = z**2 + 6*z + 7. Let k(n) = 2*a(n) - 3*q(n). Let u be k(-2). Calculate the greatest common divisor of u and 207.
9
Suppose 5*x - 261 = -36. Let r(z) = z + 11. Let i be r(-9). Suppose -5*v + 3*n + 57 = -42, 3*v - i*n = 60. Calculate the highest common divisor of v and x.
9
Let x = 6 - 10. Let k(g) = 10*g + 10. Let r be k(x). Let n = 42 + r. What is the greatest common factor of n and 96?
12
Let g(o) = 24*o - 1576. Let w be g(70). Calculate the greatest common factor of 793 and w.
13
Let m = -7 - 40. Let g = m - -48. Calculate the greatest common divisor of 17 and g.
1
Let v be -118*4/(-12) - (-14)/21. Calculate the greatest common divisor of 16 and v.
8
Let y(r) be the first derivative of r**2/2 + 4*r - 75. Let n(w) = -w - 1. Let s be n(-3). Let x be y(s). What is the greatest common factor of 12 and x?
6
Let x = -49 + 133. Let f(o) = -o**3 - 3*o**2 - 4. Let c be 2 + (-6*1 - 0). Let l be f(c). What is the greatest common divisor of l and x?
12
Let b = 498 + -347. Suppose -5*p - 2355 = -5*g, -2*g - 2*p = -b - 779. Let u be g/30 - 4/(-10). What is the greatest common factor of u and 2?
2
Suppose -1 = t, -n - 3*t + 4*t + 76 = 0. Calculate the highest common factor of 45 and n.
15
Suppose v = -5*f + 145, -5*v + 2*f + 668 = -v. Let q be (-2 - -46)/(18/27). Calculate the highest common factor of v and q.
33
Let j(i) = i**3 - 38*i**2 - 33*i - 138. Let l be j(39). Calculate the greatest common divisor of l and 624.
48
Let m(d) = 2*d**2 - 14*d + 39. Let f be m(9). What is the greatest common factor of 105 and f?
15
Let y(q) = 4*q + 4*q - 19 + 8 + 6. Let o be y(3). What is the greatest common factor of 57 and o?
19
Let k be 38/(-228) - (-2)/12 - -18. Let v be 287/2 - 8/(-16). What is the greatest common divisor of v and k?
18
Let t be (-46 + 0 - -9)/(2/(-4)). Calculate the highest common divisor of t and 259.
37
Let y be (-4)/((-12)/99) - 0. Suppose -5*p + 5 = 0, o - y = -7*p + 2*p. Let v be (30/(-20))/((-2)/o). What is the highest common divisor of 189 and v?
21
Let h be ((-1)/2)/((-2)/52). Suppose -3*y - 4*w = -284 - 180, 2*y + 3*w = 309. What is the highest common divisor of y and h?
13
Let x = -959 - -1196. Calculate the highest common divisor of x and 869.
79
Suppose 40*j + 40 = 42*j. Calculate the highest common factor of j and 290.
10
Suppose 11 + 28 = 3*q. Let t(z) = -2*z**3 - 9*z**2 - 13*z - 25. Let p be t(-5). Calculate the greatest common factor of q and p.
13
Suppose 4*g = v - 58, -28*v + g + 207 = -25*v. Calculate the greatest common divisor of v and 14.
14
Suppose -1694 = -34*d + 12*d. What is the greatest common factor of d and 66?
11
Let l be (4 + (-21 - -6))*-5. Suppose -37 = -s - 5*h, -3*h - h = -12. What is the greatest common divisor of l and s?
11
Let h be (32/56)/((-1)/(-7)). Let m = 18 - h. Calculate the highest common factor of 182 and m.
14
Suppose 3*a + 33 + 9 = 0. Let o = a - -47. Suppose 0*p = 5*p - 110. What is the highest common divisor of o and p?
11
Let k(f) be the second derivative of 1/20*f**5 + 2*f + 0 - 7/12*f**4 + 1/2*f**2 + 1/3*f**3. Let y be k(7). Calculate the greatest common divisor of y and 135.
15
Let r(g) = 27*g - 73. Let t be r(3). What is the greatest common divisor of t and 8?
8
Suppose 2 + 2 = 2*h. Let c(q) = 3*q - 6*q - 6 - 4*q + h*q. Let r be c(-7). What is the highest common factor of r and 58?
29
Suppose 0 = 3*m - 3*u - 102, 2*m + 0*m = u + 64. Let b = 12246 - 12234. Calculate the highest common divisor of m and b.
6
Let y be (-6)/15 + (-154)/(-10). Let h = 30 + -21. Suppose 6*q + h - 39 = 0. What is the greatest common divisor of q and y?
5
Let l be (2 - 5)*(-2)/3. Suppose 0 = l*v - 7*v + 15. Let o be (-30)/(9/4 - v). Calculate the greatest common factor of 5 and o.
5
Let x(q) = -q**3 - 12*q**2 + 5*q - 6. Let g be x(-6). Let h = -243 - g. Let d be ((-9)/4 - 0)*-36. Calculate the highest common divisor of h and d.
9
Suppose 0 = 7*g - 2*g - 15, -9*r + 2541 = -2*g. Calculate the greatest common factor of 1 and r.
1
Suppose 1515*v + 3220 = 1520*v. Calculate the greatest common divisor of v and 56.
28
Let a be ((-28)/49)/(10/(-1855)). What is the greatest common factor of a and 689?
53
Let f be ((-38)/(-2) - -3)*-1. Let c = f - -29. What is the highest common divisor of c and 77?
7
Let i = 155 - 53. Suppose i = f - 0*f. Suppose w - 4*w = s - 50, 5*w - f = -2*s. Calculate the highest common divisor of 7 and s.
7
S